{"id":12425,"date":"2013-04-26T19:33:14","date_gmt":"2013-04-26T16:33:14","guid":{"rendered":"http:\/\/www.grafikerler.org\/portal\/?page_id=12425"},"modified":"2014-06-06T02:36:04","modified_gmt":"2014-06-06T02:36:04","slug":"reklam","status":"publish","type":"page","link":"https:\/\/www.grafikerler.org\/portal\/reklam","title":{"rendered":"Reklam ve Sponsorluk"},"content":{"rendered":"<p><span style=\"font-size: 13px;\">Grafikerler.org reklam se\u00e7eneklerini kullanarak tan\u0131t\u0131m ve sat\u0131\u015f ba\u015far\u0131n\u0131z\u0131 artt\u0131rabilirsiniz. T\u00fcrkiye&#8217;nin en \u00e7ok ziyaret edilen Grafik Tasar\u0131m portallar\u0131ndan biri olan Grafikerler.org&#8217;un reklam avantajlar\u0131n\u0131 inceleyin.<\/span><\/p>\n<p>Grafikerler.org\u00a0\u00fczerinden, ayl\u0131k<b>\u00a0500 bin+<\/b><strong>\u00a0ger\u00e7ek ziyaret\u00e7i say\u0131s\u0131<\/strong>\u00a0ve potansiyeli olan bir gruba hitap etmi\u015f olacaks\u0131n\u0131z. Bunun kar\u015f\u0131l\u0131\u011f\u0131nda, yay\u0131nlam\u0131\u015f oldu\u011fumuz reklamlar\u0131n\u0131z ve beklentileriniz ger\u00e7ekle\u015fecek do\u011fru hedef sonuca ula\u015facaks\u0131n\u0131z.<\/p>\n<p>Sizinle \u00e7al\u0131\u015fmaktan mutluluk duyaca\u011f\u0131z.<\/p>\n<h4>Reklam ve Sponsorluk \u0130\u00e7in<\/h4>\n<p><a href=\"http:\/\/www.grafikerler.org\/iletisim\">\u0130leti\u015fim<\/a>&#8216;e ge\u00e7in<\/p>\n<p>Grafikerler.org Reklam ve Genel Sorumlusu<br \/>\n\u00d6mer YILDIZ<\/p>\n<h1>\u00c7al\u0131\u015ft\u0131\u011f\u0131m\u0131z baz\u0131 kurumsal markalar<\/h1>\n<p><a href=\"http:\/\/www.grafikerler.org\/portal\/wp-content\/uploads\/adobe-turkiye.png\"><img loading=\"lazy\" class=\"alignnone size-full wp-image-12859\" src=\"http:\/\/www.grafikerler.org\/portal\/wp-content\/uploads\/adobe-turkiye.png\" alt=\"Adobe T\u00fcrkiye\" width=\"134\" height=\"94\" \/><\/a> <a href=\"http:\/\/www.grafikerler.org\/portal\/wp-content\/uploads\/castrol-ford_logo.png\"><img loading=\"lazy\" class=\"alignnone size-full wp-image-12860\" src=\"http:\/\/www.grafikerler.org\/portal\/wp-content\/uploads\/castrol-ford_logo.png\" alt=\"Castrol Ford T\u00fcrkiye\" width=\"134\" height=\"94\" \/><\/a> <a href=\"http:\/\/www.grafikerler.org\/portal\/wp-content\/uploads\/eti-yazilim_logo.png\"><img loading=\"lazy\" class=\"alignnone size-full wp-image-12861\" src=\"http:\/\/www.grafikerler.org\/portal\/wp-content\/uploads\/eti-yazilim_logo.png\" alt=\"Eti Yaz\u0131l\u0131m\" width=\"134\" height=\"94\" \/><\/a> <a href=\"http:\/\/www.grafikerler.org\/portal\/wp-content\/uploads\/matbuu_logo.png\"><img loading=\"lazy\" class=\"alignnone size-full wp-image-12862\" src=\"http:\/\/www.grafikerler.org\/portal\/wp-content\/uploads\/matbuu_logo.png\" alt=\"Matbuu\" width=\"134\" height=\"94\" \/><\/a><\/p>\n<p><a href=\"http:\/\/www.grafikerler.org\/portal\/wp-content\/uploads\/wix-logo.png\"><img loading=\"lazy\" class=\"alignnone size-full wp-image-16087\" src=\"http:\/\/www.grafikerler.org\/portal\/wp-content\/uploads\/wix-logo.png\" alt=\"wix-logo\" width=\"134\" height=\"94\" \/><\/a>\u00a0<a style=\"line-height: 1.5em;\" href=\"http:\/\/www.grafikerler.org\/portal\/wp-content\/uploads\/3d-akademi.png\"><img loading=\"lazy\" class=\"alignnone size-full wp-image-16111\" src=\"http:\/\/www.grafikerler.org\/portal\/wp-content\/uploads\/3d-akademi.png\" alt=\"3d-akademi\" width=\"134\" height=\"94\" \/><\/a><a style=\"line-height: 1.5em;\" href=\"http:\/\/www.grafikerler.org\/portal\/wp-content\/uploads\/bilge-adam.png\"><img loading=\"lazy\" class=\"alignnone size-full wp-image-16112\" src=\"http:\/\/www.grafikerler.org\/portal\/wp-content\/uploads\/bilge-adam.png\" alt=\"bilge-adam\" width=\"134\" height=\"94\" \/><\/a>\u00a0<a href=\"http:\/\/www.grafikerler.org\/portal\/wp-content\/uploads\/123rf.com_.png\"><img loading=\"lazy\" class=\"alignnone size-full wp-image-16616\" src=\"http:\/\/www.grafikerler.org\/portal\/wp-content\/uploads\/123rf.com_.png\" alt=\"123rf.com\" width=\"134\" height=\"94\" \/><\/a><\/p>\n","protected":false},"excerpt":{"rendered":"<p>Grafikerler.org reklam se\u00e7eneklerini kullanarak tan\u0131t\u0131m ve sat\u0131\u015f ba\u015far\u0131n\u0131z\u0131 artt\u0131rabilirsiniz. T\u00fcrkiye&#8217;nin en \u00e7ok ziyaret edilen Grafik Tasar\u0131m portallar\u0131ndan biri olan Grafikerler.org&#8217;un reklam avantajlar\u0131n\u0131 inceleyin. Grafikerler.org\u00a0\u00fczerinden, ayl\u0131k\u00a0500 bin+\u00a0ger\u00e7ek ziyaret\u00e7i say\u0131s\u0131\u00a0ve potansiyeli olan bir gruba hitap etmi\u015f olacaks\u0131n\u0131z. Bunun kar\u015f\u0131l\u0131\u011f\u0131nda, yay\u0131nlam\u0131\u015f oldu\u011fumuz reklamlar\u0131n\u0131z ve beklentileriniz ger\u00e7ekle\u015fecek do\u011fru hedef sonuca ula\u015facaks\u0131n\u0131z. Sizinle \u00e7al\u0131\u015fmaktan mutluluk duyaca\u011f\u0131z. Reklam ve Sponsorluk \u0130\u00e7in [&hellip;]<\/p>\n","protected":false},"author":1,"featured_media":0,"parent":0,"menu_order":0,"comment_status":"open","ping_status":"open","template":"page-fullwidth.php","meta":[],"_links":{"self":[{"href":"https:\/\/www.grafikerler.org\/portal\/wp-json\/wp\/v2\/pages\/12425"}],"collection":[{"href":"https:\/\/www.grafikerler.org\/portal\/wp-json\/wp\/v2\/pages"}],"about":[{"href":"https:\/\/www.grafikerler.org\/portal\/wp-json\/wp\/v2\/types\/page"}],"author":[{"embeddable":true,"href":"https:\/\/www.grafikerler.org\/portal\/wp-json\/wp\/v2\/users\/1"}],"replies":[{"embeddable":true,"href":"https:\/\/www.grafikerler.org\/portal\/wp-json\/wp\/v2\/comments?post=12425"}],"version-history":[{"count":17,"href":"https:\/\/www.grafikerler.org\/portal\/wp-json\/wp\/v2\/pages\/12425\/revisions"}],"predecessor-version":[{"id":23385,"href":"https:\/\/www.grafikerler.org\/portal\/wp-json\/wp\/v2\/pages\/12425\/revisions\/23385"}],"wp:attachment":[{"href":"https:\/\/www.grafikerler.org\/portal\/wp-json\/wp\/v2\/media?parent=12425"}],"curies":[{"name":"wp","href":"https:\/\/api.w.org\/{rel}","templated":true}]}}